{"id":16,"date":"2019-07-23T18:38:54","date_gmt":"2019-07-23T18:38:54","guid":{"rendered":"https:\/\/eraikiz.com\/?page_id=16"},"modified":"2019-12-09T12:20:35","modified_gmt":"2019-12-09T12:20:35","slug":"conservacion-y-refuerzo-de-estructuras-de-hormigon","status":"publish","type":"page","link":"https:\/\/eraikiz.com\/index.php\/conservacion-y-refuerzo-de-estructuras-de-hormigon\/","title":{"rendered":"MOVIMIENTO DE TIERRAS"},"content":{"rendered":"\t\t<div data-elementor-type=\"wp-page\" data-elementor-id=\"16\" class=\"elementor elementor-16\" data-elementor-post-type=\"page\">\n\t\t\t\t\t\t<section class=\"elementor-section elementor-top-section elementor-element elementor-element-2731d71e elementor-section-boxed elementor-section-height-default elementor-section-height-default\" data-id=\"2731d71e\" data-element_type=\"section\">\n\t\t\t\t\t\t<div class=\"elementor-container elementor-column-gap-default\">\n\t\t\t\t\t<div class=\"elementor-column elementor-col-100 elementor-top-column elementor-element elementor-element-640ecbd0\" data-id=\"640ecbd0\" data-element_type=\"column\">\n\t\t\t<div class=\"elementor-widget-wrap elementor-element-populated\">\n\t\t\t\t\t\t<div class=\"elementor-element elementor-element-5359ef9b elementor-widget elementor-widget-text-editor\" data-id=\"5359ef9b\" data-element_type=\"widget\" data-widget_type=\"text-editor.default\">\n\t\t\t\t<div class=\"elementor-widget-container\">\n\t\t\t\t\t\t\t\t\t\n<p>Explanaciones, escolleras, saneamientos, estabilizaci\u00f3n de taludes, as\u00ed como peque\u00f1as demoliciones, hinca de carriles.<\/p>\n\n\n\n<p>Para ello la empresa posee tres retroexcavadoras de diferentes tama\u00f1os<strong>.<\/strong><\/p>\n\t\t\t\t\t\t\t\t<\/div>\n\t\t\t\t<\/div>\n\t\t\t\t\t<\/div>\n\t\t<\/div>\n\t\t\t\t\t<\/div>\n\t\t<\/section>\n\t\t\t\t<section class=\"elementor-section elementor-top-section elementor-element elementor-element-aa5093f elementor-section-boxed elementor-section-height-default elementor-section-height-default\" data-id=\"aa5093f\" data-element_type=\"section\">\n\t\t\t\t\t\t<div class=\"elementor-container elementor-column-gap-default\">\n\t\t\t\t\t<div class=\"elementor-column elementor-col-100 elementor-top-column elementor-element elementor-element-c62f82d\" data-id=\"c62f82d\" data-element_type=\"column\">\n\t\t\t<div class=\"elementor-widget-wrap elementor-element-populated\">\n\t\t\t\t\t\t<div class=\"elementor-element elementor-element-2dc42e8 gallery-spacing-custom elementor-widget elementor-widget-image-gallery\" data-id=\"2dc42e8\" data-element_type=\"widget\" data-widget_type=\"image-gallery.default\">\n\t\t\t\t<div class=\"elementor-widget-container\">\n\t\t\t\t\t\t\t<div class=\"elementor-image-gallery\">\n\t\t\t<div id='gallery-3' class='gallery galleryid-16 gallery-columns-6 gallery-size-thumbnail'><figure class='gallery-item'>\n\t\t\t<div class='gallery-icon portrait'>\n\t\t\t\t<a data-elementor-open-lightbox=\"yes\" data-elementor-lightbox-slideshow=\"2dc42e8\" data-elementor-lightbox-title=\"10\" data-e-action-hash=\"#elementor-action%3Aaction%3Dlightbox%26settings%3DeyJpZCI6MTg5LCJ1cmwiOiJodHRwczpcL1wvZXJhaWtpei5jb21cL3dwLWNvbnRlbnRcL3VwbG9hZHNcLzIwMTlcLzEyXC8xMC5wbmciLCJzbGlkZXNob3ciOiIyZGM0MmU4In0%3D\" href='https:\/\/eraikiz.com\/wp-content\/uploads\/2019\/12\/10.png'><img decoding=\"async\" width=\"150\" height=\"150\" src=\"https:\/\/eraikiz.com\/wp-content\/uploads\/2019\/12\/10-150x150.png\" class=\"attachment-thumbnail size-thumbnail\" alt=\"\" \/><\/a>\n\t\t\t<\/div><\/figure><figure class='gallery-item'>\n\t\t\t<div class='gallery-icon landscape'>\n\t\t\t\t<a data-elementor-open-lightbox=\"yes\" data-elementor-lightbox-slideshow=\"2dc42e8\" data-elementor-lightbox-title=\"11\" data-e-action-hash=\"#elementor-action%3Aaction%3Dlightbox%26settings%3DeyJpZCI6MTkwLCJ1cmwiOiJodHRwczpcL1wvZXJhaWtpei5jb21cL3dwLWNvbnRlbnRcL3VwbG9hZHNcLzIwMTlcLzEyXC8xMS5wbmciLCJzbGlkZXNob3ciOiIyZGM0MmU4In0%3D\" href='https:\/\/eraikiz.com\/wp-content\/uploads\/2019\/12\/11.png'><img decoding=\"async\" width=\"150\" height=\"150\" src=\"https:\/\/eraikiz.com\/wp-content\/uploads\/2019\/12\/11-150x150.png\" class=\"attachment-thumbnail size-thumbnail\" alt=\"\" \/><\/a>\n\t\t\t<\/div><\/figure><figure class='gallery-item'>\n\t\t\t<div class='gallery-icon landscape'>\n\t\t\t\t<a data-elementor-open-lightbox=\"yes\" data-elementor-lightbox-slideshow=\"2dc42e8\" data-elementor-lightbox-title=\"12\" data-e-action-hash=\"#elementor-action%3Aaction%3Dlightbox%26settings%3DeyJpZCI6MTkxLCJ1cmwiOiJodHRwczpcL1wvZXJhaWtpei5jb21cL3dwLWNvbnRlbnRcL3VwbG9hZHNcLzIwMTlcLzEyXC8xMi5wbmciLCJzbGlkZXNob3ciOiIyZGM0MmU4In0%3D\" href='https:\/\/eraikiz.com\/wp-content\/uploads\/2019\/12\/12.png'><img decoding=\"async\" width=\"150\" height=\"150\" src=\"https:\/\/eraikiz.com\/wp-content\/uploads\/2019\/12\/12-150x150.png\" class=\"attachment-thumbnail size-thumbnail\" alt=\"\" \/><\/a>\n\t\t\t<\/div><\/figure><figure class='gallery-item'>\n\t\t\t<div class='gallery-icon landscape'>\n\t\t\t\t<a data-elementor-open-lightbox=\"yes\" data-elementor-lightbox-slideshow=\"2dc42e8\" data-elementor-lightbox-title=\"13\" data-e-action-hash=\"#elementor-action%3Aaction%3Dlightbox%26settings%3DeyJpZCI6MTkzLCJ1cmwiOiJodHRwczpcL1wvZXJhaWtpei5jb21cL3dwLWNvbnRlbnRcL3VwbG9hZHNcLzIwMTlcLzEyXC8xMy5wbmciLCJzbGlkZXNob3ciOiIyZGM0MmU4In0%3D\" href='https:\/\/eraikiz.com\/wp-content\/uploads\/2019\/12\/13.png'><img loading=\"lazy\" decoding=\"async\" width=\"150\" height=\"150\" src=\"https:\/\/eraikiz.com\/wp-content\/uploads\/2019\/12\/13-150x150.png\" class=\"attachment-thumbnail size-thumbnail\" alt=\"\" \/><\/a>\n\t\t\t<\/div><\/figure><figure class='gallery-item'>\n\t\t\t<div class='gallery-icon landscape'>\n\t\t\t\t<a data-elementor-open-lightbox=\"yes\" data-elementor-lightbox-slideshow=\"2dc42e8\" data-elementor-lightbox-title=\"14\" data-e-action-hash=\"#elementor-action%3Aaction%3Dlightbox%26settings%3DeyJpZCI6MTk0LCJ1cmwiOiJodHRwczpcL1wvZXJhaWtpei5jb21cL3dwLWNvbnRlbnRcL3VwbG9hZHNcLzIwMTlcLzEyXC8xNC5wbmciLCJzbGlkZXNob3ciOiIyZGM0MmU4In0%3D\" href='https:\/\/eraikiz.com\/wp-content\/uploads\/2019\/12\/14.png'><img loading=\"lazy\" decoding=\"async\" width=\"150\" height=\"150\" src=\"https:\/\/eraikiz.com\/wp-content\/uploads\/2019\/12\/14-150x150.png\" class=\"attachment-thumbnail size-thumbnail\" alt=\"\" \/><\/a>\n\t\t\t<\/div><\/figure><figure class='gallery-item'>\n\t\t\t<div class='gallery-icon landscape'>\n\t\t\t\t<a data-elementor-open-lightbox=\"yes\" data-elementor-lightbox-slideshow=\"2dc42e8\" data-elementor-lightbox-title=\"15\" data-e-action-hash=\"#elementor-action%3Aaction%3Dlightbox%26settings%3DeyJpZCI6MTk1LCJ1cmwiOiJodHRwczpcL1wvZXJhaWtpei5jb21cL3dwLWNvbnRlbnRcL3VwbG9hZHNcLzIwMTlcLzEyXC8xNS5wbmciLCJzbGlkZXNob3ciOiIyZGM0MmU4In0%3D\" href='https:\/\/eraikiz.com\/wp-content\/uploads\/2019\/12\/15.png'><img loading=\"lazy\" decoding=\"async\" width=\"150\" height=\"150\" src=\"https:\/\/eraikiz.com\/wp-content\/uploads\/2019\/12\/15-150x150.png\" class=\"attachment-thumbnail size-thumbnail\" alt=\"\" \/><\/a>\n\t\t\t<\/div><\/figure>\n\t\t<\/div>\n\t\t<\/div>\n\t\t\t\t\t\t<\/div>\n\t\t\t\t<\/div>\n\t\t\t\t\t<\/div>\n\t\t<\/div>\n\t\t\t\t\t<\/div>\n\t\t<\/section>\n\t\t\t\t<\/div>\n\t\t","protected":false},"excerpt":{"rendered":"<p>Explanaciones, escolleras, saneamientos, estabilizaci\u00f3n de taludes, as\u00ed como peque\u00f1as demoliciones, hinca de carriles. Para ello la empresa posee tres retroexcavadoras de diferentes tama\u00f1os.<\/p>\n","protected":false},"author":1,"featured_media":0,"parent":0,"menu_order":0,"comment_status":"closed","ping_status":"closed","template":"","meta":{"footnotes":""},"class_list":["post-16","page","type-page","status-publish","hentry"],"_links":{"self":[{"href":"https:\/\/eraikiz.com\/index.php\/wp-json\/wp\/v2\/pages\/16"}],"collection":[{"href":"https:\/\/eraikiz.com\/index.php\/wp-json\/wp\/v2\/pages"}],"about":[{"href":"https:\/\/eraikiz.com\/index.php\/wp-json\/wp\/v2\/types\/page"}],"author":[{"embeddable":true,"href":"https:\/\/eraikiz.com\/index.php\/wp-json\/wp\/v2\/users\/1"}],"replies":[{"embeddable":true,"href":"https:\/\/eraikiz.com\/index.php\/wp-json\/wp\/v2\/comments?post=16"}],"version-history":[{"count":3,"href":"https:\/\/eraikiz.com\/index.php\/wp-json\/wp\/v2\/pages\/16\/revisions"}],"predecessor-version":[{"id":196,"href":"https:\/\/eraikiz.com\/index.php\/wp-json\/wp\/v2\/pages\/16\/revisions\/196"}],"wp:attachment":[{"href":"https:\/\/eraikiz.com\/index.php\/wp-json\/wp\/v2\/media?parent=16"}],"curies":[{"name":"wp","href":"https:\/\/api.w.org\/{rel}","templated":true}]}}