{"id":20,"date":"2019-07-23T18:40:43","date_gmt":"2019-07-23T18:40:43","guid":{"rendered":"https:\/\/eraikiz.com\/?page_id=20"},"modified":"2024-04-18T13:40:54","modified_gmt":"2024-04-18T13:40:54","slug":"compromiso","status":"publish","type":"page","link":"https:\/\/eraikiz.com\/index.php\/compromiso\/","title":{"rendered":"COMPROMISO"},"content":{"rendered":"\n<p>ERAIKIZ cuenta con un sistema de gesti\u00f3n integral para el desarrollo de su actividad, encontr\u00e1ndose en posesi\u00f3n de los certificados de Gesti\u00f3n de la Calidad ISO 9001\/2015, Ambiental ISO 14001\/2015 y Seguridad y Salud en el Trabajo ISO 45001.<\/p>\n\n\n\n<p>La actividad de la empresa se rige por una serie de procedimientos establecidos de tal forma que los conceptos globales de calidad, conservaci\u00f3n del medio ambiente y la seguridad y salud del trabajo llegan a todos los \u00e1mbitos de la empresa.<\/p>\n\n\n\n<p>Al disponer un sistema de gesti\u00f3n integrado, todos lo proveedores son evaluados al inicio de la relaci\u00f3n laboral con ERAIKIZ, adem\u00e1s, todos los a\u00f1os, los proveedores son reevaluados en funci\u00f3n de la categor\u00eda de los proveedores (suministros, alquileres de maquinaria y subcontratas); para conocer los criterios de evaluaci\u00f3n pueden solicitarlos en el siguiente correo electr\u00f3nico: eraikiz@eraikiz.com<\/p>\n\n\n\n<ul class=\"wp-block-list\">\n<li><a href=\"https:\/\/eraikiz.com\/wp-content\/uploads\/2024\/04\/9001.jpg\" target=\"_blank\" rel=\"noreferrer noopener\">Certificado ISO 9001<\/a><\/li>\n\n\n\n<li><a href=\"https:\/\/eraikiz.com\/wp-content\/uploads\/2024\/04\/14001.jpg\" target=\"_blank\" rel=\"noreferrer noopener\">Certificado ISO 14001<\/a><\/li>\n\n\n\n<li><a href=\"https:\/\/eraikiz.com\/wp-content\/uploads\/2024\/04\/45001.jpg\">Certificado ISO 45001<\/a><\/li>\n<\/ul>\n\n\n\n<figure data-wp-context=\"{&quot;uploadedSrc&quot;:&quot;https:\\\/\\\/eraikiz.com\\\/wp-content\\\/uploads\\\/2024\\\/04\\\/9001_14001_45001_pos_v2.png&quot;,&quot;figureClassNames&quot;:&quot;wp-block-image size-full is-resized is-style-default&quot;,&quot;figureStyles&quot;:null,&quot;imgClassNames&quot;:&quot;wp-image-316&quot;,&quot;imgStyles&quot;:&quot;aspect-ratio:1.7434782608695651;object-fit:contain;width:397px;height:auto&quot;,&quot;targetWidth&quot;:1200,&quot;targetHeight&quot;:1200,&quot;scaleAttr&quot;:&quot;contain&quot;,&quot;ariaLabel&quot;:&quot;Ampliar la imagen&quot;,&quot;alt&quot;:&quot;&quot;}\" data-wp-interactive=\"core\/image\" class=\"wp-block-image size-full is-resized is-style-default wp-lightbox-container\"><img fetchpriority=\"high\" decoding=\"async\" width=\"1200\" height=\"1200\" data-wp-init=\"callbacks.setButtonStyles\" data-wp-on-async--click=\"actions.showLightbox\" data-wp-on-async--load=\"callbacks.setButtonStyles\" data-wp-on-async-window--resize=\"callbacks.setButtonStyles\" src=\"https:\/\/eraikiz.com\/wp-content\/uploads\/2024\/04\/9001_14001_45001_pos_v2.png\" alt=\"\" class=\"wp-image-316\" style=\"aspect-ratio:1.7434782608695651;object-fit:contain;width:397px;height:auto\" srcset=\"https:\/\/eraikiz.com\/wp-content\/uploads\/2024\/04\/9001_14001_45001_pos_v2.png 1200w, https:\/\/eraikiz.com\/wp-content\/uploads\/2024\/04\/9001_14001_45001_pos_v2-300x300.png 300w, https:\/\/eraikiz.com\/wp-content\/uploads\/2024\/04\/9001_14001_45001_pos_v2-1024x1024.png 1024w, https:\/\/eraikiz.com\/wp-content\/uploads\/2024\/04\/9001_14001_45001_pos_v2-150x150.png 150w, https:\/\/eraikiz.com\/wp-content\/uploads\/2024\/04\/9001_14001_45001_pos_v2-768x768.png 768w\" sizes=\"(max-width: 1200px) 100vw, 1200px\" \/><button\n\t\t\tclass=\"lightbox-trigger\"\n\t\t\ttype=\"button\"\n\t\t\taria-haspopup=\"dialog\"\n\t\t\taria-label=\"Ampliar la imagen\"\n\t\t\tdata-wp-init=\"callbacks.initTriggerButton\"\n\t\t\tdata-wp-on-async--click=\"actions.showLightbox\"\n\t\t\tdata-wp-style--right=\"context.imageButtonRight\"\n\t\t\tdata-wp-style--top=\"context.imageButtonTop\"\n\t\t>\n\t\t\t<svg xmlns=\"http:\/\/www.w3.org\/2000\/svg\" width=\"12\" height=\"12\" fill=\"none\" viewBox=\"0 0 12 12\">\n\t\t\t\t<path fill=\"#fff\" d=\"M2 0a2 2 0 0 0-2 2v2h1.5V2a.5.5 0 0 1 .5-.5h2V0H2Zm2 10.5H2a.5.5 0 0 1-.5-.5V8H0v2a2 2 0 0 0 2 2h2v-1.5ZM8 12v-1.5h2a.5.5 0 0 0 .5-.5V8H12v2a2 2 0 0 1-2 2H8Zm2-12a2 2 0 0 1 2 2v2h-1.5V2a.5.5 0 0 0-.5-.5H8V0h2Z\" \/>\n\t\t\t<\/svg>\n\t\t<\/button><\/figure>\n","protected":false},"excerpt":{"rendered":"<p>ERAIKIZ cuenta con un sistema de gesti\u00f3n integral para el desarrollo de su actividad, encontr\u00e1ndose en posesi\u00f3n de los certificados de Gesti\u00f3n de la Calidad ISO 9001\/2015, Ambiental ISO 14001\/2015 y Seguridad y Salud en el Trabajo ISO 45001. La actividad de la empresa se rige por una serie de procedimientos establecidos de tal forma [&hellip;]<\/p>\n","protected":false},"author":1,"featured_media":0,"parent":0,"menu_order":0,"comment_status":"closed","ping_status":"closed","template":"","meta":{"footnotes":""},"class_list":["post-20","page","type-page","status-publish","hentry"],"_links":{"self":[{"href":"https:\/\/eraikiz.com\/index.php\/wp-json\/wp\/v2\/pages\/20"}],"collection":[{"href":"https:\/\/eraikiz.com\/index.php\/wp-json\/wp\/v2\/pages"}],"about":[{"href":"https:\/\/eraikiz.com\/index.php\/wp-json\/wp\/v2\/types\/page"}],"author":[{"embeddable":true,"href":"https:\/\/eraikiz.com\/index.php\/wp-json\/wp\/v2\/users\/1"}],"replies":[{"embeddable":true,"href":"https:\/\/eraikiz.com\/index.php\/wp-json\/wp\/v2\/comments?post=20"}],"version-history":[{"count":15,"href":"https:\/\/eraikiz.com\/index.php\/wp-json\/wp\/v2\/pages\/20\/revisions"}],"predecessor-version":[{"id":331,"href":"https:\/\/eraikiz.com\/index.php\/wp-json\/wp\/v2\/pages\/20\/revisions\/331"}],"wp:attachment":[{"href":"https:\/\/eraikiz.com\/index.php\/wp-json\/wp\/v2\/media?parent=20"}],"curies":[{"name":"wp","href":"https:\/\/api.w.org\/{rel}","templated":true}]}}