{"id":22,"date":"2019-07-23T18:42:57","date_gmt":"2019-07-23T18:42:57","guid":{"rendered":"https:\/\/eraikiz.com\/?page_id=22"},"modified":"2020-09-11T09:41:26","modified_gmt":"2020-09-11T09:41:26","slug":"politica-integrada","status":"publish","type":"page","link":"https:\/\/eraikiz.com\/index.php\/politica-integrada\/","title":{"rendered":"POL\u00cdTICA INTEGRADA"},"content":{"rendered":"\n<p>ERAIKIZ, S.L.U. como empresa inmersa en el sector de la\nconstrucci\u00f3n, enfoca el Sistema Integrado de Gesti\u00f3n de Calidad, Medio Ambiente\ny Seguridad y Salud Laboral como una manera de organizar su vida empresarial;\neste Sistema Integrado forma parte prioritaria de su estrategia corporativa y\nen consecuencia, la Gerencia de la empresa aprueba las siguientes directrices\nde comportamiento: <\/p>\n\n\n\n<ul class=\"wp-block-list\"><li>Siendo la\ncalidad del servicio de ERAIKIZ, S.L.U., el respeto al medio ambiente y la\nprevenci\u00f3n de lesiones y el deterioro de la salud, factores clave y necesarios\npara la supervivencia de la Empresa, todos estos factores y as\u00ed como su mejora\nson responsabilidad de todas y cada una de las personas que integren la\nplantilla. <\/li><\/ul>\n\n\n\n<ul class=\"wp-block-list\"><li>Compromiso de\ncumplimiento de la legislaci\u00f3n y reglamentaci\u00f3n existente en materia de\nCalidad, Medio Ambiente y Seguridad y Salud Laboral as\u00ed como otros requisitos\nsuscritos voluntariamente o impuestos por alguna de las partes interesadas. <\/li><\/ul>\n\n\n\n<ul class=\"wp-block-list\"><li>Compromiso de\nmejorar continuamente el Sistema de gesti\u00f3n de Calidad, Medio Ambiente y\nSeguridad y Salud Laboral implantado para lograr una efectiva Gesti\u00f3n de la\nCalidad, mejora del desempe\u00f1o ambiental mediante la generaci\u00f3n de menores\nimpactos ambientales y proporcionando condiciones de trabajo seguras y\nsaludables para eliminar los peligros y reducir los riesgos de nuestra\nactividad laboral.<\/li><\/ul>\n\n\n\n<ul class=\"wp-block-list\"><li>Proteger el\nmedio ambiente y prevenir la contaminaci\u00f3n mediante la identificaci\u00f3n,\nevaluaci\u00f3n y control de los aspectos ambientales derivados del desarrollo de la\nactividad de la empresa. Tambi\u00e9n se gestionar\u00e1n los residuos generados,\natendiendo siempre a lo legalmente establecido y, destin\u00e1ndolos siempre que sea\nposible a operaciones de reutilizaci\u00f3n, reciclado y valorizaci\u00f3n.<\/li><\/ul>\n\n\n\n<ul class=\"wp-block-list\"><li>Establecimiento\ny revisi\u00f3n peri\u00f3dica de objetivos y metas que contemplen la mejora en aquellos\naspectos de Calidad, Medio Ambiente y Riesgos laborales que tengan una mayor\nincidencia en nuestros trabajos. <\/li><\/ul>\n\n\n\n<ul class=\"wp-block-list\"><li>Compromiso\npor mantener una permanente formaci\u00f3n, informaci\u00f3n y sensibilizaci\u00f3n de\nnuestros recursos humanos, en materia de Calidad, Medio Ambiente y Seguridad y\nSalud Laboral, as\u00ed como la debida consulta y participaci\u00f3n de los trabajadores\nen materia de Seguridad y Salud Laboral.<\/li><\/ul>\n\n\n\n<ul class=\"wp-block-list\"><li>Compromiso\npor garantizar y velar la debida cooperaci\u00f3n y coordinaci\u00f3n con todas las\nsubcontratas y entidades que participan en obra e inciden sobre los resultados\nde la Calidad, Medio Ambiente y Seguridad y Salud Laboral.<\/li><\/ul>\n\n\n\n<ul class=\"wp-block-list\"><li>Poner esta pol\u00edtica del Sistema de Gesti\u00f3n Integrado a disposici\u00f3n de las partes interesadas que as\u00ed lo soliciten de manera que se demuestre nuestro af\u00e1n proactivo de lograr un ambiente laboral mejor y libre de riesgos para nuestros trabajadores, clientes y subcontratas. <\/li><\/ul>\n\n\n\n<p><\/p>\n\n\n\n<p>1 de Octubre de 2019<\/p>\n","protected":false},"excerpt":{"rendered":"<p>ERAIKIZ, S.L.U. como empresa inmersa en el sector de la construcci\u00f3n, enfoca el Sistema Integrado de Gesti\u00f3n de Calidad, Medio Ambiente y Seguridad y Salud Laboral como una manera de organizar su vida empresarial; este Sistema Integrado forma parte prioritaria de su estrategia corporativa y en consecuencia, la Gerencia de la empresa aprueba las siguientes [&hellip;]<\/p>\n","protected":false},"author":1,"featured_media":0,"parent":0,"menu_order":0,"comment_status":"closed","ping_status":"closed","template":"","meta":{"footnotes":""},"class_list":["post-22","page","type-page","status-publish","hentry"],"_links":{"self":[{"href":"https:\/\/eraikiz.com\/index.php\/wp-json\/wp\/v2\/pages\/22"}],"collection":[{"href":"https:\/\/eraikiz.com\/index.php\/wp-json\/wp\/v2\/pages"}],"about":[{"href":"https:\/\/eraikiz.com\/index.php\/wp-json\/wp\/v2\/types\/page"}],"author":[{"embeddable":true,"href":"https:\/\/eraikiz.com\/index.php\/wp-json\/wp\/v2\/users\/1"}],"replies":[{"embeddable":true,"href":"https:\/\/eraikiz.com\/index.php\/wp-json\/wp\/v2\/comments?post=22"}],"version-history":[{"count":4,"href":"https:\/\/eraikiz.com\/index.php\/wp-json\/wp\/v2\/pages\/22\/revisions"}],"predecessor-version":[{"id":285,"href":"https:\/\/eraikiz.com\/index.php\/wp-json\/wp\/v2\/pages\/22\/revisions\/285"}],"wp:attachment":[{"href":"https:\/\/eraikiz.com\/index.php\/wp-json\/wp\/v2\/media?parent=22"}],"curies":[{"name":"wp","href":"https:\/\/api.w.org\/{rel}","templated":true}]}}