{"id":7,"date":"2019-07-23T18:31:40","date_gmt":"2019-07-23T18:31:40","guid":{"rendered":"https:\/\/eraikiz.com\/?page_id=7"},"modified":"2020-07-27T15:19:27","modified_gmt":"2020-07-27T15:19:27","slug":"quienes-somos","status":"publish","type":"page","link":"https:\/\/eraikiz.com\/index.php\/quienes-somos\/","title":{"rendered":"QUIENES SOMOS"},"content":{"rendered":"\n<p>ERAIKIZ S.L.U. empez\u00f3\nsu andadura en el a\u00f1o 2012 promovida por un titular superior procedente de una\nempresa de construcci\u00f3n e ingenier\u00eda&nbsp; de\nsimilares caracter\u00edsticas.<\/p>\n\n\n\n<p>En este sentido ERAIKIZ, aporta una amplia experiencia en la ejecuci\u00f3n de obras civiles, apoy\u00e1ndose en diferentes empresas para dar un servicio integral de ingenier\u00eda y construcci\u00f3n. <\/p>\n\n\n\n<p>ERAIKIZ, ejecuta principalmente obras singulares para grandes empresas, especialmente en la industria as\u00ed como diversas obras p\u00fablicas, teniendo como principal baza la ejecuci\u00f3n de trabajos con especial dificultad t\u00e9cnica <\/p>\n","protected":false},"excerpt":{"rendered":"<p>ERAIKIZ S.L.U. empez\u00f3 su andadura en el a\u00f1o 2012 promovida por un titular superior procedente de una empresa de construcci\u00f3n e ingenier\u00eda&nbsp; de similares caracter\u00edsticas. En este sentido ERAIKIZ, aporta una amplia experiencia en la ejecuci\u00f3n de obras civiles, apoy\u00e1ndose en diferentes empresas para dar un servicio integral de ingenier\u00eda y construcci\u00f3n. ERAIKIZ, ejecuta principalmente [&hellip;]<\/p>\n","protected":false},"author":1,"featured_media":0,"parent":0,"menu_order":0,"comment_status":"closed","ping_status":"closed","template":"","meta":{"footnotes":""},"class_list":["post-7","page","type-page","status-publish","hentry"],"_links":{"self":[{"href":"https:\/\/eraikiz.com\/index.php\/wp-json\/wp\/v2\/pages\/7"}],"collection":[{"href":"https:\/\/eraikiz.com\/index.php\/wp-json\/wp\/v2\/pages"}],"about":[{"href":"https:\/\/eraikiz.com\/index.php\/wp-json\/wp\/v2\/types\/page"}],"author":[{"embeddable":true,"href":"https:\/\/eraikiz.com\/index.php\/wp-json\/wp\/v2\/users\/1"}],"replies":[{"embeddable":true,"href":"https:\/\/eraikiz.com\/index.php\/wp-json\/wp\/v2\/comments?post=7"}],"version-history":[{"count":3,"href":"https:\/\/eraikiz.com\/index.php\/wp-json\/wp\/v2\/pages\/7\/revisions"}],"predecessor-version":[{"id":282,"href":"https:\/\/eraikiz.com\/index.php\/wp-json\/wp\/v2\/pages\/7\/revisions\/282"}],"wp:attachment":[{"href":"https:\/\/eraikiz.com\/index.php\/wp-json\/wp\/v2\/media?parent=7"}],"curies":[{"name":"wp","href":"https:\/\/api.w.org\/{rel}","templated":true}]}}